{"id":3408,"date":"2015-01-09T16:00:37","date_gmt":"2015-01-09T14:00:37","guid":{"rendered":"http:\/\/zeitzeugen-ludwigsburg-montbeliard.de\/?page_id=3408"},"modified":"2025-10-01T14:31:58","modified_gmt":"2025-10-01T12:31:58","slug":"credits","status":"publish","type":"page","link":"https:\/\/zeitzeugen-ludwigsburg-montbeliard.de\/fr\/credits\/","title":{"rendered":"Remerciements"},"content":{"rendered":"<p><\/p>\n<h3>Nous remercions tous les participants pour leur collaboration :<\/h3>\n<p>Les <strong>t\u00e9moins de Ludwigsburg et de Montb\u00e9liard<\/strong> : Elfie et Jean-Jacques Claude, Daniel Hauger, Brigitte Kiesel, Erich Knauss, Gerhard Ley, Etienne Mallard, Claudia Ri\u00e8me, Thierry Saulnier, Louis Souvet, Otfried Ulsh\u00f6fer, Jean-Claude Voisin, Eckhard Wulf.<\/p>\n<p>Les<strong> \u00e9l\u00e8ves du Goethe-Gymnasium, <\/strong>Berkay Cam, Chae-Yeong Eom, S\u00f6ren Gehrke, Katharina Geisler, Eda G\u00fcng\u00f6ze, Claudia Kuhn, Charlotte Savine, Timon Schatz, Annika Spegg, Flora Vogel, Joana Vollert, Sabrina Wei\u00dfinger, Teresa Wildmann, Cemre Yildiz,<strong> pour la gestion des interviews.<\/strong><\/p>\n<p><strong>Andrea Beck<\/strong>, professeur de fran\u00e7ais des \u00e9l\u00e8ves du Goethe-Gymnasium de l\u2019ann\u00e9e 2013\/14 pour la coordination et la m\u00e9diation avec les \u00e9l\u00e8ves.<\/p>\n<p>Les<strong> \u00e9l\u00e8ves du Coll\u00e8ge Guynemer, <\/strong>Enzo Berthelot, B\u00e9rang\u00e8re Briot, Paul Chavey, Clara Giulianelli, Alex Klopfenstein, Loriane Pignard, Vincent Reigner, Th\u00e9da Reiniche, Alexandre Vachet, Simon Vernier,\u00a0<strong>pour la gestion des interviews.<\/strong><\/p>\n<p><strong>Miriam Jalmain<\/strong>, professeur d\u2019allemand des \u00e9l\u00e8ves du Coll\u00e8ge Guynemer de l\u2019ann\u00e9e 2013\/14 pour la coordination et la m\u00e9diation avec les \u00e9l\u00e8ves.<\/p>\n<p>Les<strong> \u00e9tudiants et \u00e9tudiantes de la Hochschule der Medien, <\/strong>Anna Ege, Leonie Flachsmann, Pauline Hahn, Nina Hippmann, Andrea Koch, Elena Mahal, David Michalik, Stefanie \u00d6sterle, Ines Rauter, Christian Reutter, Stephanie Rusch, Tina Schurig, Kathrin Sorge, Sandra Zikeli, Malin Zimmermann\u00a0<strong>pour l\u2019adaptation des contenus.<\/strong><\/p>\n<p>Aurore Bedouet, Juliane Bing, Anne Gisclon, C\u00e9line Goehlich, Lea Sprenger, Sandra Zikeli,\u00a0<strong>stagiaires au dfi<\/strong>, qui ont transcrit et traduit les interviews, pr\u00e9par\u00e9 les sous-titres et particip\u00e9 \u00e0 l\u2018\u00e9laboration du contenu.<\/p>\n<p><strong>Cl\u00e9mence Renard<\/strong>,\u00a0stagiaire au dfi, pour la traduction des textes en fran\u00e7ais, <strong>C\u00e9line Choppin<\/strong> pour la traduction des sous-titres allemands en fran\u00e7ais et pour la relecture des pages en fran\u00e7ais.<\/p>\n<p><strong>Christine S\u00fc\u00df<\/strong> pour l\u2019accompagnement du projet \u00e0 Ludwigsburg, <strong>Nathalie Blanquet<\/strong> et <strong>Claudia Ri\u00e8me<\/strong> pour l\u2019accompagnement du projet \u00e0 Montb\u00e9liard.<\/p>\n<p>________________<\/p>\n<p><strong>Tournage et montage vid\u00e9o :<\/strong> David Ruf<\/p>\n<p><strong>Mise en page et r\u00e9alisation technique :<\/strong> Timo Strohmaier (Kastanie Eins) <a href=\"http:\/\/www.kastanie-eins.de\" target=\"_blank\" rel=\"noopener\">www.kastanie-eins.de<\/a><\/p>\n<p><strong>Coordination du projet et r\u00e9daction finale :<\/strong> Martin Villinger, Institut Franco-Allemand, <a href=\"mailto:villinger@dfi.de\">villinger@dfi.de<\/a><\/p>","protected":false},"excerpt":{"rendered":"<p>Nous remercions tous les participants pour leur collaboration : Les t\u00e9moins de Ludwigsburg et de Montb\u00e9liard : Elfie et Jean-Jacques Claude, Daniel Hauger, Brigitte Kiesel, Erich Knauss, Gerhard Ley, Etienne Mallard, Claudia Ri\u00e8me, Thierry Saulnier, Louis Souvet, Otfried Ulsh\u00f6fer, Jean-Claude&#8230;<a class=\"more-link\" href=\"https:\/\/zeitzeugen-ludwigsburg-montbeliard.de\/fr\/credits\/\">Mehr erfahren<\/a><\/p>\n","protected":false},"author":19,"featured_media":0,"parent":0,"menu_order":0,"comment_status":"open","ping_status":"open","template":"","meta":[],"_links":{"self":[{"href":"https:\/\/zeitzeugen-ludwigsburg-montbeliard.de\/fr\/wp-json\/wp\/v2\/pages\/3408"}],"collection":[{"href":"https:\/\/zeitzeugen-ludwigsburg-montbeliard.de\/fr\/wp-json\/wp\/v2\/pages"}],"about":[{"href":"https:\/\/zeitzeugen-ludwigsburg-montbeliard.de\/fr\/wp-json\/wp\/v2\/types\/page"}],"author":[{"embeddable":true,"href":"https:\/\/zeitzeugen-ludwigsburg-montbeliard.de\/fr\/wp-json\/wp\/v2\/users\/19"}],"replies":[{"embeddable":true,"href":"https:\/\/zeitzeugen-ludwigsburg-montbeliard.de\/fr\/wp-json\/wp\/v2\/comments?post=3408"}],"version-history":[{"count":16,"href":"https:\/\/zeitzeugen-ludwigsburg-montbeliard.de\/fr\/wp-json\/wp\/v2\/pages\/3408\/revisions"}],"predecessor-version":[{"id":6147,"href":"https:\/\/zeitzeugen-ludwigsburg-montbeliard.de\/fr\/wp-json\/wp\/v2\/pages\/3408\/revisions\/6147"}],"wp:attachment":[{"href":"https:\/\/zeitzeugen-ludwigsburg-montbeliard.de\/fr\/wp-json\/wp\/v2\/media?parent=3408"}],"curies":[{"name":"wp","href":"https:\/\/api.w.org\/{rel}","templated":true}]}}

<p></p>
<h3>Nous remercions tous les participants pour leur collaboration :</h3>
<p>Les <strong>témoins de Ludwigsburg et de Montbéliard</strong> : Elfie et Jean-Jacques Claude, Daniel Hauger, Brigitte Kiesel, Erich Knauss, Gerhard Ley, Etienne Mallard, Claudia Rième, Thierry Saulnier, Louis Souvet, Otfried Ulshöfer, Jean-Claude Voisin, Eckhard Wulf.</p>
<p>Les<strong> élèves du Goethe-Gymnasium, </strong>Berkay Cam, Chae-Yeong Eom, Sören Gehrke, Katharina Geisler, Eda Güngöze, Claudia Kuhn, Charlotte Savine, Timon Schatz, Annika Spegg, Flora Vogel, Joana Vollert, Sabrina Weißinger, Teresa Wildmann, Cemre Yildiz,<strong> pour la gestion des interviews.</strong></p>
<p><strong>Andrea Beck</strong>, professeur de français des élèves du Goethe-Gymnasium de l’année 2013/14 pour la coordination et la médiation avec les élèves.</p>
<p>Les<strong> élèves du Collège Guynemer, </strong>Enzo Berthelot, Bérangère Briot, Paul Chavey, Clara Giulianelli, Alex Klopfenstein, Loriane Pignard, Vincent Reigner, Théda Reiniche, Alexandre Vachet, Simon Vernier, <strong>pour la gestion des interviews.</strong></p>
<p><strong>Miriam Jalmain</strong>, professeur d’allemand des élèves du Collège Guynemer de l’année 2013/14 pour la coordination et la médiation avec les élèves.</p>
<p>Les<strong> étudiants et étudiantes de la Hochschule der Medien, </strong>Anna Ege, Leonie Flachsmann, Pauline Hahn, Nina Hippmann, Andrea Koch, Elena Mahal, David Michalik, Stefanie Österle, Ines Rauter, Christian Reutter, Stephanie Rusch, Tina Schurig, Kathrin Sorge, Sandra Zikeli, Malin Zimmermann <strong>pour l’adaptation des contenus.</strong></p>
<p>Aurore Bedouet, Juliane Bing, Anne Gisclon, Céline Goehlich, Lea Sprenger, Sandra Zikeli, <strong>stagiaires au dfi</strong>, qui ont transcrit et traduit les interviews, préparé les sous-titres et participé à l‘élaboration du contenu.</p>
<p><strong>Clémence Renard</strong>, stagiaire au dfi, pour la traduction des textes en français, <strong>Céline Choppin</strong> pour la traduction des sous-titres allemands en français et pour la relecture des pages en français.</p>
<p><strong>Christine Süß</strong> pour l’accompagnement du projet à Ludwigsburg, <strong>Nathalie Blanquet</strong> et <strong>Claudia Rième</strong> pour l’accompagnement du projet à Montbéliard.</p>
<p>________________</p>
<p><strong>Tournage et montage vidéo :</strong> David Ruf</p>
<p><strong>Mise en page et réalisation technique :</strong> Timo Strohmaier (Kastanie Eins) <a href="http://www.kastanie-eins.de" target="_blank" rel="noopener">www.kastanie-eins.de</a></p>
<p><strong>Coordination du projet et rédaction finale :</strong> Martin Villinger, Institut Franco-Allemand, <a href="mailto:villinger@dfi.de">villinger@dfi.de</a></p>

<p>Nous remercions tous les participants pour leur collaboration : Les témoins de Ludwigsburg et de Montbéliard : Elfie et Jean-Jacques Claude, Daniel Hauger, Brigitte Kiesel, Erich Knauss, Gerhard Ley, Etienne Mallard, Claudia Rième, Thierry Saulnier, Louis Souvet, Otfried Ulshöfer, Jean-Claude&#8230;<a class="more-link" href="https://zeitzeugen-ludwigsburg-montbeliard.de/fr/credits/">Mehr erfahren</a></p>
